t the prime factors of v(1).
193
Let i = 2648 + 2279. What are the prime factors of i?
13, 379
Let j = -74 - -144. Suppose j = -l + 2*l - 3*y, -4*l - 2*y = -280. What are the prime factors of l?
2, 5, 7
Let r be 2/8 + (-1)/4. Let q(b) = -b**3 - 2*b + 7. Let y be q(r). Suppose 120 = -2*s + y*s. What are the prime factors of s?
2, 3
Let j(q) be the second derivative of -29*q**5/20 + q**4/3 + 3*q**3/2 + 2*q**2 - 8*q. Let a be j(-6). What are the prime factors of (-2)/(-6) + a/51?
5
Suppose r - 333 = -0*r. Let j be 4305/(-20) - 6/(-24). Let p = j + r. List the prime factors of p.
2, 59
Let u(f) = 43*f - 60. Let d(q) = 7*q - 176. Let k be d(26). What are the prime factors of u(k)?
2, 3, 11
Let q(a) = a**2 - 38*a - 121. Let w be q(41). Suppose -1870 = -w*l - 20*y + 22*y, -4667 = -5*l + y. What are the prime factors of l?
3, 311
Let q be 2*-355*2/(-5). Let l = q + -51. What are the prime factors of l?
233
Let j = 54948 + -15832. Suppose 6*b + b = -j. List the prime factors of (-2)/15 + b/(-60).
3, 31
Let u = -5132 + 25940. List the prime factors of u.
2, 3, 17
Let j(u) = -u**3 - 8*u**2 - 8*u + 6. Let l be j(-7). Suppose l*a = 7*a + 2136. What are the prime factors of a?
2, 89
Let l(d) = 7507*d**2 - 4*d - 1. What are the prime factors of l(1)?
2, 11, 31
Suppose 0 = w - 5*j + 273 + 33, 4*w + 1292 = 3*j. Let u = 547 + w. List the prime factors of u.
13, 17
Let x(k) = k**2 + 4*k - 9. Let a be x(-6). Suppose -5*y + 147 = 3*i + 30, -a*y - 4*i = -79. List the prime factors of y.
3, 7
Suppose 0 = -303*n + 262*n + 33135 + 103477. What are the prime factors of n?
2, 7, 17
Let f(t) = 3 - 6*t + 6*t**2 - t**3 - 10 + 2*t**3. Let g = -11998 - -12002. What are the prime factors of f(g)?
3, 43
Suppose 0 = -4*c - 2*h - 24, -20 = -3*h + 8*h. Let i be c/6 + (-1003)/(-51). Let x = i + -11. List the prime factors of x.
2
Let j(u) be the second derivative of -1/12*u**4 + 0 + 0*u**3 - 5*u + 45/2*u**2. List the prime factors of j(0).
3, 5
Let x = 33329 + -10272. What are the prime factors of x?
23057
Suppose 3*r + k = 9079, 12*k + 12100 = 4*r + 8*k. What are the prime factors of r?
2, 17, 89
What are the prime factors of (-1*2)/(18*7/(-1097397))?
17419
Suppose 406*h + 37590 = 408*h. List the prime factors of h.
3, 5, 7, 179
Let v(z) = -z - 32 + 323 + z + 11*z. What are the prime factors of v(0)?
3, 97
Let p be -11*(6 - 5) + 2. What are the prime factors of ((-3)/p*5)/((-3)/(-54))?
2, 3, 5
Let b = 9203 + -1054. List the prime factors of b.
29, 281
Let y = -5352 + 12216. Suppose 0 = 7*c - 18*c + y. List the prime factors of c.
2, 3, 13
Let c(b) = b**3 + 9*b**2 + 9*b + 4. Let s be 1/2 + 13/(182/(-63)). List the prime factors of c(s).
2, 3
Let z be (4 - (-368)/(-4)) + 0. List the prime factors of 4074/22 + 16/z.
5, 37
Let g(y) = y**2 + 2*y + 1. Let l be g(-3). Suppose -19 = -5*v - 4*t, 2*v + t - 3*t - l = 0. List the prime factors of 108 + -2 + v + -3.
2, 53
Let z = -32875 - -48911. What are the prime factors of z?
2, 19, 211
Suppose 0 = -37*f - 264*f + 2201815. List the prime factors of f.
5, 7, 11, 19
Let i be 6/9 + (-23528)/12. Let f = -571 - i. What are the prime factors of f?
3, 463
Let o be (16/12)/(2*4/132). Suppose o*s + 28626 = 48*s. List the prime factors of s.
3, 367
Suppose -2*q - 8 = 12. Let u = -11136 - -11140. What are the prime factors of (1752/(-30) - -2)*q/u?
3, 47
Let n be ((-24)/(-16))/((-9)/(-762)). List the prime factors of 9 + -6 + n*3.
2, 3
Suppose 4*l = -5*u + 204, -3*u - 118 = -3*l + 2*u. Let g = l - 25. Suppose 27*a - g*a - 408 = 0. What are the prime factors of a?
2, 17
Let c = 160 + -157. Suppose 0*g - 4*b - 1358 = -5*g, -818 = -c*g + 4*b. What are the prime factors of g?
2, 3, 5
Let x(l) = 2*l + 5*l + 68 + 0*l - 5*l. Let u(f) = -2*f - 69. Let g(r) = -3*u(r) - 2*x(r). List the prime factors of g(0).
71
Let n(l) = 61*l + 1. Let o(r) = 123*r + 1. Let z(h) = -5*n(h) + 2*o(h). Suppose 3*j + 8 = 2. What are the prime factors of z(j)?
5, 23
Let k be 12*(-12)/(-432) - 2888/(-12). Let p(x) = 2*x**2 + 10*x - 9. Let d be p(7). Let j = k - d. What are the prime factors of j?
2, 41
What are the prime factors of 41*-82*455/(-52)*(-50)/(-35)?
5, 41
Suppose 4*o + 5*u - 45 = 0, -16*o = -11*o + 3*u - 40. Let s(m) = m**3 - 4*m**2 + 5*m + 1. Let k be s(4). What are the prime factors of (o*-2)/((-3)/k)?
2, 5, 7
List the prime factors of ((7 - 1) + -1893)/(1*9/(-168)).
2, 7, 17, 37
What are the prime factors of 4*95*5406/1590?
2, 17, 19
Let z(m) = m**3 + 13*m**2 + 11*m - 3. Let s be z(-12). Suppose p + s = -2*p, -3*j + 4*p + 750 = 0. What are the prime factors of j?
2, 3, 41
Suppose -3*v + 6 = 0, -4*k + 4*v + 21032 = -19132. List the prime factors of k.
11, 83
Let c(g) = 255*g + 2929. What are the prime factors of c(-9)?
2, 317
Let f(b) = -6*b + 3*b + 2*b + 5*b**3 - 3 + 3*b**2. Let p be f(-2). Let a = p + 120. What are the prime factors of a?
7, 13
Let t = -151 - -31. Let j = t + 162. Let n = j - -38. List the prime factors of n.
2, 5
What are the prime factors of (-152)/(-10)*(-74075)/(-35) - (-10)/35?
2, 5, 3217
Let k be 8/(-2) - (6 - 860). Let u = 1496 - k. What are the prime factors of u?
2, 17, 19
Suppose 191*j - 195*j + 24 = 0, -5*j + 2788 = 2*n. What are the prime factors of n?
7, 197
Let h = -1041 - -129. Let b = 1723 + h. List the prime factors of b.
811
Let c(z) = -z**3 + 19*z**2 - z + 12. Let h be c(19). Let v(y) = -7*y + 13. Let t be v(h). Let r = t - 34. List the prime factors of r.
2, 7
Suppose 0 = -305*s + 319*s - 37534. What are the prime factors of s?
7, 383
Suppose 122*l - 1732025 - 865721 = 0. List the prime factors of l.
107, 199
Suppose 4 = 9*o - 14. Let i = 19 - 14. Suppose -4*m + i*y + 3 - 1 = 0, -2 = -o*m + 2*y. List the prime factors of m.
3
Let r = -978 - -118. Let i = 1244 + r. List the prime factors of i.
2, 3
Let u = 14200 + -7067. What are the prime factors of u?
7, 1019
Let m = 170 - 168. Suppose -1636 = -v - v + m*z, 3*v + 4*z = 2426. List the prime factors of v.
2, 11, 37
Let y be 2/3 - (-80)/60. Suppose 2*o = 2*c - c - 1, -5*o = -2*c - y. Suppose -c*s + 250 = -434. List the prime factors of s.
2, 19
Suppose 114311 + 6238 = 18*x - 26025. What are the prime factors of x?
17, 479
Suppose 9851670 = 230*r - 89*r. What are the prime factors of r?
2, 3, 5, 17, 137
Suppose 37*o - 33*o = -112. Let k be ((-6)/7)/(((-12)/o)/3). Let z(b) = -26*b - 44. What are the prime factors of z(k)?
2, 7
Let c = 18 - 33. What are the prime factors of (-25280)/c + (-4)/12?
5, 337
Suppose -240 - 168 = 8*b. What are the prime factors of ((12/(-9))/(-4) + b)*-3?
2, 19
Let p be ((-16)/(-12))/(2/183). Suppose 8*v = 778 - p. Suppose -c + v = 2*f - 18, -3*c + 5*f + 300 = 0. List the prime factors of c.
2, 5
Suppose -2*t = 4*u - 7*t - 238, 0 = -u - t + 55. Suppose u*g = 62*g - 580. What are the prime factors of g?
2, 29
Suppose -5*o + 3*z - 8*z = 5, -3*o - 4*z - 4 = 0. Suppose 5*x - 19 + 9 = o. Suppose -x*r - 4*r + 648 = 0. List the prime factors of r.
2, 3
Suppose 4*t - 60 = 64. Let z = t + 788. Suppose -j - 8*j = -z. List the prime factors of j.
7, 13
Suppose 3*n + 111 = -0*t + 4*t, 217 = -5*n - 4*t. Let b = n - -44. Suppose b*z - 4*v - 64 = 0, -v - 76 = -4*z + 2*v. What are the prime factors of z?
2
Let u = 509 + -157. Let q be 84/15 + (-2)/(-5). Suppose q*w + u = 10*w. List the prime factors of w.
2, 11
Let r be 14/(-2) - 14/(-2). Suppose r*p - 4*p = -4*u + 1452, 3*u = p + 1093. What are the prime factors of u?
5, 73
Suppose -5*o + 10 = -0*o. Suppose 2*r + 26 = 32. Suppose 0 = -l - o*s + 48, -5*l - r*s = -3*l - 93. List the prime factors of l.
2, 3, 7
Suppose 227*m = 120*m + 8316896. List the prime factors of m.
2, 7, 347
Let r(k) be the third derivative of 1/24*k**4 + 5/2*k**3 - 9*k**2 + 0*k + 0. What are the prime factors of r(0)?
3, 5
Suppose -13*m = -114 + 101. List the prime factors of -3 + 221/34*6/m.
2, 3
Let p = -496 - -513. Suppose -p*b + 2438 + 2900 = 0. What are the prime factors of b?
2, 157
Let j = 211 - 201. Let b(g) = 10*g - 51. What are the prime factors of b(j)?
7
Suppose -4*b = 2*l + 3394, -5*l + 1715 = 2*b - 4*b. Let g = -195 - b. List the prime factors of g.
5, 131
Let t be ((-15)/(-6) + -2)/((-3)/(-36)). Let j be ((-788)/12)/(2/t). Let y = -69 - j. What are the prime factors of y?
2
Let a(i) = 2*i**3 - 16*i**2 + 41*i - 417. List the prime fa